{"id":393,"date":"2020-11-15T19:40:32","date_gmt":"2020-11-15T19:40:32","guid":{"rendered":"https:\/\/rulers.cat\/?page_id=393"},"modified":"2020-11-15T19:40:32","modified_gmt":"2020-11-15T19:40:32","slug":"omnium-cultural","status":"publish","type":"page","link":"https:\/\/rulers.cat\/?page_id=393","title":{"rendered":"\u00d2mnium Cultural"},"content":{"rendered":"\n<p><strong>Presidents<\/strong><\/p>\n\n\n\n<figure class=\"wp-block-table\"><table><tbody><tr><td>1961-1968<\/td><td>F\u00e8lix Millet i Maristany<\/td><\/tr><tr><td>1968-1978<\/td><td>Pau Riera i Sala<\/td><\/tr><tr><td>1978-1984<\/td><td>Joan Vallv\u00e9 i Creus<\/td><\/tr><tr><td>1984-1986<\/td><td>Joan Carreras i Mart\u00ed<\/td><\/tr><tr><td>1986-2002<\/td><td>Josep Mill\u00e0s i Estany<\/td><\/tr><tr><td>2002<\/td><td>Miquel Bes i Calzadilla<\/td><\/tr><tr><td>2002-2010<\/td><td>Jordi Porta i Ribalta<\/td><\/tr><tr><td>2010-2015<\/td><td>Muriel Casals i Couturier<\/td><\/tr><tr><td>2015<\/td><td>Joaquim Torra i Pla<\/td><\/tr><tr><td>2015-en el c\u00e0rrec<\/td><td><a href=\"https:\/\/www.omnium.cat\/ca\/campanyes\/jordi-cuixart\/\">Jordi Cuixart i Navarro<\/a><\/td><\/tr><\/tbody><\/table><\/figure>\n\n\n\n<p><a href=\"https:\/\/www.omnium.cat\/ca\/presentacio\/\"><em>Font<\/em><\/a><\/p>\n","protected":false},"excerpt":{"rendered":"<p>Presidents 1961-1968 F\u00e8lix Millet i Maristany 1968-1978 Pau Riera i Sala 1978-1984 Joan Vallv\u00e9 i Creus 1984-1986 Joan Carreras i Mart\u00ed 1986-2002 Josep Mill\u00e0s i Estany 2002 Miquel Bes i Calzadilla 2002-2010 Jordi Porta i Ribalta 2010-2015 Muriel Casals i Couturier 2015 Joaquim Torra i Pla 2015-en el c\u00e0rrec Jordi Cuixart i Navarro Font<\/p>\n","protected":false},"author":1,"featured_media":0,"parent":0,"menu_order":0,"comment_status":"closed","ping_status":"closed","template":"","meta":{"footnotes":""},"_links":{"self":[{"href":"https:\/\/rulers.cat\/index.php?rest_route=\/wp\/v2\/pages\/393"}],"collection":[{"href":"https:\/\/rulers.cat\/index.php?rest_route=\/wp\/v2\/pages"}],"about":[{"href":"https:\/\/rulers.cat\/index.php?rest_route=\/wp\/v2\/types\/page"}],"author":[{"embeddable":true,"href":"https:\/\/rulers.cat\/index.php?rest_route=\/wp\/v2\/users\/1"}],"replies":[{"embeddable":true,"href":"https:\/\/rulers.cat\/index.php?rest_route=%2Fwp%2Fv2%2Fcomments&post=393"}],"version-history":[{"count":1,"href":"https:\/\/rulers.cat\/index.php?rest_route=\/wp\/v2\/pages\/393\/revisions"}],"predecessor-version":[{"id":395,"href":"https:\/\/rulers.cat\/index.php?rest_route=\/wp\/v2\/pages\/393\/revisions\/395"}],"wp:attachment":[{"href":"https:\/\/rulers.cat\/index.php?rest_route=%2Fwp%2Fv2%2Fmedia&parent=393"}],"curies":[{"name":"wp","href":"https:\/\/api.w.org\/{rel}","templated":true}]}}