{"id":621,"date":"2020-12-05T20:05:49","date_gmt":"2020-12-05T20:05:49","guid":{"rendered":"https:\/\/rulers.cat\/?page_id=621"},"modified":"2020-12-05T20:06:04","modified_gmt":"2020-12-05T20:06:04","slug":"montblanc-batlles","status":"publish","type":"page","link":"https:\/\/rulers.cat\/?page_id=621","title":{"rendered":"Montblanc. Batlles"},"content":{"rendered":"\n<p>Franquisme<\/p>\n\n\n\n<figure class=\"wp-block-table\"><table><tbody><tr><td>1964-1979<\/td><td><a href=\"https:\/\/ca.wikipedia.org\/wiki\/Josep_Gomis_i_Mart%C3%AD\">Josep Gomis i Mart\u00ed<\/a><\/td><\/tr><\/tbody><\/table><\/figure>\n\n\n\n<p>Democr\u00e0cia<\/p>\n\n\n\n<figure class=\"wp-block-table\"><table><tbody><tr><td>1979-1983<\/td><td>Josep Gomis i Mart\u00ed<\/td><td>CiU<\/td><\/tr><tr><td>1983-1986<\/td><td>Dion\u00eds Mestre i Serrat<\/td><td>CiU<\/td><\/tr><tr><td>1986-1991<\/td><td>Maties Sanahuja i Queralt<\/td><td>CiU<\/td><\/tr><tr><td>1991-1993<\/td><td><a href=\"https:\/\/ca.wikipedia.org\/wiki\/Andreu_Mayayo_i_Artal\">Andreu Mayayo i Artal<\/a><\/td><td>ICV<\/td><\/tr><tr><td>1993-1995<\/td><td>Llu\u00eds Rosell\u00f3 Oliv\u00e9<\/td><td>CiU<\/td><\/tr><tr><td>1995-1999<\/td><td>Andreu Mayayo i Artal<\/td><td>Acord per Montblanc<\/td><\/tr><tr><td>1999-2001<\/td><td><a href=\"https:\/\/ca.wikipedia.org\/wiki\/Josep_Andreu_i_Domingo\">Josep Andreu i Domigo<\/a><\/td><td>ERC<\/td><\/tr><tr><td>2001-2003<\/td><td>Josep Maria Borr\u00e0s i Vidal<\/td><td>CiU<\/td><\/tr><tr><td>2003-2005<\/td><td>Carles Carreras i Oll\u00e9<\/td><td>CiU<\/td><\/tr><tr><td>2005-2007<\/td><td>Josep Maria Campdepadr\u00f3s i Sans<\/td><td>CiU<\/td><\/tr><tr><td>2007-en el c\u00e0rrec<\/td><td>Josep Andreu Domingo<\/td><td>Agrupament Catalanista (ERC) fins el 2020<\/td><\/tr><\/tbody><\/table><\/figure>\n","protected":false},"excerpt":{"rendered":"<p>Franquisme 1964-1979 Josep Gomis i Mart\u00ed Democr\u00e0cia 1979-1983 Josep Gomis i Mart\u00ed CiU 1983-1986 Dion\u00eds Mestre i Serrat CiU 1986-1991 Maties Sanahuja i Queralt CiU 1991-1993 Andreu Mayayo i Artal ICV 1993-1995 Llu\u00eds Rosell\u00f3 Oliv\u00e9 CiU 1995-1999 Andreu Mayayo i Artal Acord per Montblanc 1999-2001 Josep Andreu i Domigo ERC 2001-2003 Josep Maria Borr\u00e0s i [&hellip;]<\/p>\n","protected":false},"author":1,"featured_media":0,"parent":0,"menu_order":0,"comment_status":"closed","ping_status":"closed","template":"","meta":{"footnotes":""},"_links":{"self":[{"href":"https:\/\/rulers.cat\/index.php?rest_route=\/wp\/v2\/pages\/621"}],"collection":[{"href":"https:\/\/rulers.cat\/index.php?rest_route=\/wp\/v2\/pages"}],"about":[{"href":"https:\/\/rulers.cat\/index.php?rest_route=\/wp\/v2\/types\/page"}],"author":[{"embeddable":true,"href":"https:\/\/rulers.cat\/index.php?rest_route=\/wp\/v2\/users\/1"}],"replies":[{"embeddable":true,"href":"https:\/\/rulers.cat\/index.php?rest_route=%2Fwp%2Fv2%2Fcomments&post=621"}],"version-history":[{"count":2,"href":"https:\/\/rulers.cat\/index.php?rest_route=\/wp\/v2\/pages\/621\/revisions"}],"predecessor-version":[{"id":623,"href":"https:\/\/rulers.cat\/index.php?rest_route=\/wp\/v2\/pages\/621\/revisions\/623"}],"wp:attachment":[{"href":"https:\/\/rulers.cat\/index.php?rest_route=%2Fwp%2Fv2%2Fmedia&parent=621"}],"curies":[{"name":"wp","href":"https:\/\/api.w.org\/{rel}","templated":true}]}}